5 a prime number?
False
Is 19039211 a composite number?
True
Is 613316071 prime?
True
Is 1944491 prime?
False
Is 8995339 a composite number?
False
Is 576412441 a composite number?
True
Is 8278783 a prime number?
True
Is 6671635 composite?
True
Is 117427439 composite?
True
Is 1501589 a composite number?
True
Is 14067265 prime?
False
Is 26136211 composite?
True
Is 1295263 composite?
False
Is 2697617 composite?
True
Is 40839263 a composite number?
True
Is 89231669 a composite number?
True
Is 2298117 a composite number?
True
Is 140843171 a prime number?
False
Is 99247367 composite?
True
Is 9179647 composite?
False
Is 26964973 prime?
False
Is 9068413 a prime number?
True
Is 14053463 a prime number?
False
Is 512891 a prime number?
True
Is 144657229 prime?
True
Is 2734007 a composite number?
False
Is 15414445 a composite number?
True
Is 40507657 a composite number?
False
Is 2158979 composite?
False
Is 37504619 a prime number?
False
Is 368167 prime?
False
Is 11921809 a composite number?
True
Is 596296039 a composite number?
False
Is 2674655 composite?
True
Is 19766081 prime?
False
Is 17085097 composite?
False
Is 43811107 a composite number?
False
Is 5831381 a composite number?
False
Is 756431149 a prime number?
True
Is 459373 prime?
True
Is 314453701 composite?
False
Is 14265151 a prime number?
True
Is 17235719 a composite number?
True
Is 404334647 composite?
True
Is 54540467 composite?
True
Is 146721 composite?
True
Is 1433977 composite?
True
Is 67249843 a prime number?
False
Is 1985093 a composite number?
True
Is 42129039 composite?
True
Is 55559677 a prime number?
True
Is 3951985 prime?
False
Is 7671445 a composite number?
True
Is 307919 a prime number?
True
Is 54396383 a prime number?
True
Is 14858251 prime?
False
Is 50338091 prime?
False
Is 2028499 composite?
True
Is 315779 composite?
False
Is 126955457 a prime number?
False
Is 246117353 a composite number?
False
Is 8633311 prime?
True
Is 78453569 a prime number?
True
Is 13832509 prime?
False
Is 68993 prime?
True
Is 32040341 a composite number?
False
Is 13690031 prime?
True
Is 41730151 a prime number?
True
Is 4236283 prime?
True
Is 326317 a composite number?
True
Is 606763903 a composite number?
True
Is 499579 a prime number?
False
Is 5295701 composite?
False
Is 300851059 a composite number?
False
Is 15410887 a prime number?
True
Is 225037 a prime number?
True
Is 4081657 a composite number?
False
Is 8050543 a prime number?
True
Is 1388259233 a prime number?
False
Is 76146863 a composite number?
True
Is 12572677 a composite number?
True
Is 21242513 a composite number?
True
Is 107224463 a prime number?
False
Is 25669447 a composite number?
True
Is 187520677 a composite number?
False
Is 124267009 prime?
False
Is 40924789 prime?
True
Is 2564701 a prime number?
True
Is 991386689 a composite number?
False
Is 41795711 prime?
True
Is 44239541 a composite number?
True
Is 1915891 a prime number?
True
Is 470680517 a composite number?
False
Is 7460399 a composite number?
True
Is 275330441 a prime number?
False
Is 5386231 composite?
True
Is 1408685 composite?
True
Is 18964307 prime?
True
Is 2420185 a composite number?
True
Is 267677197 a prime number?
False
Is 20718311 prime?
True
Is 77623129 prime?
False
Is 388302401 prime?
True
Is 284375785 prime?
False
Is 4219153 prime?
False
Is 3047819 a prime number?
True
Is 49931239 composite?
True
Is 25116473 composite?
False
Is 3528169 a composite number?
True
Is 108722027 prime?
False
Is 727121 a prime number?
True
Is 5369489 prime?
True
Is 1980619 a prime number?
False
Is 2545483 a prime number?
False
Is 809123681 a prime number?
True
Is 625451 composite?
False
Is 196013269 a prime number?
False
Is 51598711 composite?
True
Is 5913601 composite?
False
Is 19929067 a composite number?
False
Is 81210373 prime?
False
Is 31131179 a prime number?
True
Is 18147137 composite?
False
Is 2767871 prime?
True
Is 287135801 a composite number?
False
Is 101713 prime?
False
Is 211932397 composite?
False
Is 3919421 prime?
False
Is 141939713 composite?
True
Is 34666201 composite?
False
Is 34214671 prime?
True
Is 486330179 prime?
True
Is 27169447 a prime number?
True
Is 5396987 a composite number?
True
Is 42481939 a composite number?
False
Is 32003219 prime?
True
Is 139492469 composite?
False
Is 325079 composite?
False
Is 9641741 a prime number?
True
Is 2096179 a prime number?
False
Is 2935843 composite?
True
Is 96272047 composite?
False
Is 18455399 prime?
True
Is 50253347 a prime number?
False
Is 62204221 a composite number?
False
Is 22703573 a prime number?
False
Is 16752511 a prime number?
True
Is 134077 a composite number?
False
Is 188955523 a composite number?
False
Is 1676383 composite?
False
Is 264188329 a composite number?
False
Is 5431219 prime?
True
Is 6952789 composite?
False
Is 24597221 composite?
True
Is 5702809 prime?
False
Is 1857101 a prime number?
True
Is 3797762 composite?
True
Is 26561299 a prime number?
True
Is 22963427 composite?
False
Is 1643099 a prime number?
True
Is 1291837 a composite number?
True
Is 119261 prime?
False
Is 21101569 a composite number?
False
Is 870997 a prime number?
True
Is 42738477 prime?
False
Is 23367 composite?
True
Is 5310191 prime?
True
Is 542187881 a prime number?
True
Is 45437629 a prime number?
True
Is 7960127 a composite number?
True
Is 19465829 prime?
True
Is 2430073 prime?
True
Is 72739949 prime?
False
Is 737711 prime?
False
Is 1204561 a composite number?
False
Is 62069 composite?
True
Is 2861773 a prime number?
False
Is 155050879 prime?
False
Is 314917 a composite number?
False
Is 6548281 a composite number?
True
Is 8652421 prime?
False
Is 555628727 composite?
True
Is 8414393 composite?
True
Is 26596474 prime?
False
Is 22137727 a prime number?
True
Is 203487887 a composite number?
True
Is 4179619 composite?
True
Is 1863263 composite?
False
Is 4580593 a prime number?
True
Is 1857463189 composite?
False
Is 126900809 prime?
False
Is 2655881 composite?
False
Is 269629937 composite?
True
Is 5092069 composite?
False
Is 579457 a composite number?
True
Is 4176217 composite?
False
Is 19053113 prime?
False
Is 17676419 a prime number?
True
Is 1851329 a prime number?
True
Is 1616053 prime?
False
Is 109285363 a prime number?
False
Is 27544067 composite?
False
Is 195691351 composite?
False
Is 18048529 a composite number?
False
Is 449543 composite?
False
Is 1459853 a prime number?
True
Is 18643073 a composite number?
False
Is 94256809 a composite number?
False
Is 4086571 a prime number?
False
Is 37489637 a composite number?
False
Is 5241787 composite?
False
Is 163253 a prime number?
False
Is 7889977 a prime number?
True
Is 11118997 a prime number?
False
Is 93847855 prime?
False
Is 54462809 composite?
False
Is 815953 a composite number?
False
Is 2661199 prime?
True
Is 1250849 a prime number?
False
Is 620171 a prime number?
True
Is 1816933 a composite number?
False
Is 1253422 composite?
True
Is 2976927 a prime number?
False
Is 3982163 prime?
False
Is 9255145 prime?
False
Is 549862 a prime number?
False
Is 649705919 a composite number?
False
Is 1862951 a prime number?
False
Is 153557 a prime number?
True
Is 89719963 composite?
True
Is 2203043 a prime number?
False
Is 12252265 a prime number?
False
Is 490732633 a prime number?
True
Is 22179965 a prime number?
False
Is 37287319 prime?
False
Is 2318711 prime?
True
Is 170272441 a prime number?
False
Is 9062903 a prime number?
True
Is 59234507 a composite number?
False
Is 2291677 prime?
True
Is 6407953 a prime number?
True
Is 39447869 a composite number?
False
Is 270789 a composite number?
True
Is 5233343 prime?
True
Is 253947409 a composite number?
False
Is 2491757 composite?
False
Is 3603251 a prime number?
True
Is 112718 a prime number?
False
Is 15650507 composite?
True
Is 294191489 prime?
True
Is 2815243 a prime number?
False
Is 72344747 a prime number?
False
Is 218951 a prime number?
False
Is 12984107 a composite number?
True
Is 7856467 prime?
True
Is 1539269 prime?
False
Is 21610151 a prime number?
True
Is 23264587 a prime number?
True
Is 186736183 a prime number?
False
Is 340709 composite?
False
Is 169502867 a composite number?
False
Is 95227597 prime?
False
Is 510113 a prime number?
False
Is 42382321 prime?
True
Is 20012374 prime?
False
Is 375457513 prime?
True
Is 31637183 a composite number